5, -5*s - 4*n = -2314. Calculate the greatest common factor of 528 and s.
66
Let o be (-45)/(-2)*66/5. Let k = o + 77. What is the highest common factor of 34 and k?
34
Let k(b) = -b + 4 - b + 6*b + 2*b. Let p be k(2). What is the greatest common factor of p and 48?
16
Suppose -4*k = n - 897, -4*k + 0*k = 2*n - 1782. Calculate the highest common factor of n and 15.
15
Suppose 81 = 3*g - 276. Calculate the highest common divisor of 7 and g.
7
Let h(g) = 7*g**2 + 34*g + 9. Let q be h(-6). What is the greatest common factor of 152 and q?
19
Let d(t) = t**3 - 6*t**2 - 8*t + 60. Let u be d(9). Calculate the greatest common factor of u and 847.
77
Suppose 43*y - 1281 - 8652 = 0. What is the greatest common divisor of 165 and y?
33
Suppose -i = -7 + 3. Suppose 5*k - 3*w = w + 564, -4*w = i. Calculate the greatest common factor of 14 and k.
14
Let s = 19 + 8. Let n = 180 + -126. What is the greatest common factor of n and s?
27
Let s be (30/(-12))/((-1)/58). Let l = s - 69. What is the greatest common factor of 4 and l?
4
Let k = 11 + -9. Let y be (-3462)/(-24) + k/(-8). Let w(m) = m**3 - m**2. Let l be w(3). Calculate the greatest common factor of l and y.
18
Let f be 1/(-4)*-47 - (-9)/(-12). What is the highest common divisor of f and 88?
11
Suppose 5*v = -s - 496, 255 = -4*v + 2*s - 153. Let u = v - -115. What is the greatest common factor of 15 and u?
15
Suppose -20*j - 118 + 338 = 0. Suppose 4*w = k + w - 119, 4*w - 98 = -k. What is the greatest common divisor of k and j?
11
Suppose -4*k = 3*b - 0*b - 76, -5*b = -5*k + 95. Calculate the greatest common divisor of k and 3.
1
Let y = 56 - -12. Calculate the greatest common factor of 17 and y.
17
Let a = -223 - -249. Calculate the highest common divisor of a and 65.
13
Suppose -2*o - 2*m + 20 = 0, 97*o - 50 = 93*o + m. Let r be 0 - (-96)/(2 + 0). What is the greatest common divisor of o and r?
12
Suppose 5*b - 7 - 13 = 0. Suppose 0 = -3*i + o - 4*o + 15, 4*o = b*i + 4. Suppose 0 = -i*x - 2 + 10. Calculate the highest common divisor of 44 and x.
4
Let j = 305 - 216. Suppose -2*o = 2*p - 26, -3*p = -3*o - 2*o + j. Calculate the highest common factor of o and 16.
16
Let r(k) = -k**3 - k**2 - 4. Let w be r(-4). What is the highest common divisor of w and 550?
22
Suppose -2*d + 200 = 6*d. Let l(n) = 14*n - 3. Let o be l(2). What is the highest common divisor of d and o?
25
Suppose -2*p + 3*g = -6*p - 648, -3*p + 4*g - 511 = 0. Let q = -88 - p. Let x = -2 - -13. Calculate the greatest common divisor of x and q.
11
Let v(g) = g**2 + 6*g + 9. Let t be v(-14). Let h = 0 - 0. Let s be (-22)/2*(h + -1). Calculate the greatest common divisor of s and t.
11
Let y be -8 - 90/((-45)/5). What is the greatest common divisor of y and 102?
2
Let f(v) = -v**3 + 9*v**2 - 8*v - 6. Let a be f(5). Calculate the greatest common factor of 36 and a.
18
Suppose -4*u = -20, 0 = 5*z + 5*u - 6 - 39. Suppose -m - 4*m = 2*f, -z*m = -2*f + 36. What is the highest common divisor of f and 90?
10
Let h = -123 - -123. Suppose h = -9*n - 9 + 63. Calculate the greatest common factor of 3 and n.
3
Let t = -77 - -80. Let p be (t + 164/(-8))*(-36)/7. What is the highest common factor of p and 30?
30
Suppose -114 = -2*f + 2*u, -6*f = -8*f - 2*u + 118. Calculate the greatest common divisor of 1711 and f.
29
Let h be (28/21)/((-6)/(-9)). Suppose y + 0*k + k - 82 = 0, -h*y + 158 = -k. Calculate the greatest common factor of y and 10.
10
Let r be ((-104)/(-52))/((-2)/(-12)). What is the greatest common factor of 1512 and r?
12
Suppose -4*v - v = -35. Suppose 31 + 39 = v*u. Calculate the highest common divisor of u and 50.
10
Let w(d) = d**2 + 33*d + 1909. Let m be w(0). What is the greatest common factor of m and 23?
23
Suppose 3*k + 12 = k + 4*a, -a - 15 = 4*k. Let h be k*(-2)/44 - (-108)/11. Calculate the greatest common divisor of 15 and h.
5
Let d(y) = -y**3 - 23*y**2 - 25*y - 45. Let a be d(-22). What is the highest common factor of 6 and a?
3
Let x(w) = -36 - 22*w + 5 + 18*w - 1. Let h be x(-17). Calculate the greatest common divisor of h and 12.
12
Let z = 7 - 4. Suppose -38 = -4*u + 2*s - 2, 45 = 5*u - 5*s. Suppose -5*l + u*l = 132. What is the greatest common divisor of l and z?
3
Let n(s) = s**2 - 5*s + 90. Let x be n(25). What is the greatest common divisor of 10 and x?
10
Let h = -6723 - -9845. What is the greatest common divisor of 14 and h?
14
Let i(z) = -z**2 + 36*z - 309. Let u be i(19). Calculate the greatest common factor of u and 1694.
14
Let w(x) = x**2 - 6*x + 5. Let z be w(8). Let h be (-9 - -2) + 3 + -1. Let a(s) = 3*s**2 - s + 4. Let d be a(h). What is the greatest common divisor of z and d?
21
Let z be (-1)/(-4) - 595/(-68). Let r be 6/z*(-342)/(-4). Suppose 28 = -5*a + 218. Calculate the greatest common divisor of r and a.
19
Let h be (-8)/(-18) + 9640/18. What is the greatest common factor of h and 2?
2
Suppose -77*u = -81*u - 5*p + 115, -u + 15 = 4*p. What is the highest common divisor of u and 7?
7
Suppose u + 3*u + 2*w = 8, -2*w + 6 = 2*u. Suppose -9 = -5*t + u. Calculate the highest common divisor of t and 2.
2
Let y(g) = g + 9. Let d be y(-5). Suppose 15 = 4*z + 3*l - 15, -5*l + 16 = z. Let w = z - d. Calculate the greatest common divisor of w and 18.
2
Let g(n) = 2*n**2 + 3*n + 6. Let a be g(6). Suppose -3*u + 0 = m + 3, 0 = -m - u - 1. Let f = a + m. What is the highest common divisor of 12 and f?
12
Let c be 15/9*(0 - -3). Let x(v) = v**2 - 16. Let k be x(5). Suppose -k*y = -10*y + 10. What is the highest common divisor of y and c?
5
Let v = 203 + -194. Calculate the highest common factor of 33 and v.
3
Let c(f) = -f + 17. Let q = 141 - 144. Let g be c(q). What is the greatest common divisor of g and 60?
20
Let g(c) = 5*c + 2. Let w be g(-7). Let h be (-6)/w + (-1 - 515/(-11)). What is the highest common divisor of h and 69?
23
Suppose 6*u = 9*u - 9. Suppose 0 = -u*y + 55 + 539. Let n = -14 - -32. What is the highest common factor of n and y?
18
Let u be (-16 - -6)*4/(-5). Suppose u = 4*r - 0. Suppose 25 = -5*o, -3*m + r*o + 29 = -23. What is the greatest common factor of m and 42?
14
Suppose -5*m + 4*w = 208, -4*w = -0*m + 3*m + 144. Let g = -31 - m. What is the highest common divisor of 104 and g?
13
Let t be -1 + 4/(12/4 - 1). Let s be 28594/136 + t/(-4). What is the greatest common factor of s and 21?
21
Let b(y) = y**3 - 24*y**2 + 20*y + 99. Let p be b(23). Calculate the greatest common factor of p and 210.
30
Suppose 2*q - 352 = -5*g, -3*g - 4*q + 89 = -111. Let i(d) = 4*d**2 + 6*d + 8. Let n be i(-2). What is the greatest common factor of n and g?
12
Let g(s) = 31*s + 39. Let w be g(11). What is the greatest common divisor of w and 1045?
95
Let c be (-54)/4*140/(-15). Suppose 0 = -5*z + 29 + c. Calculate the highest common divisor of z and 124.
31
Let w(b) = 42*b**2 + 4*b + 5. Let c be 25/(-10) - 1/(-2). Let a be w(c). What is the highest common factor of 15 and a?
15
Suppose -z = 4*q - 42, -2*z - 11*q = -8*q - 64. What is the greatest common divisor of 247 and z?
13
Suppose 2*d + 2*q - 326 + 100 = 0, 4*q = -d + 101. Calculate the greatest common factor of 27 and d.
9
Let m(r) = -2*r**2 - 21*r - 8. Let c be m(-14). Let b = c + 128. Calculate the greatest common divisor of b and 110.
22
Let p(a) be the first derivative of 5*a**4/4 - a**3 + 5*a**2/2 - 6*a - 26. Let x be p(2). Calculate the greatest common factor of x and 24.
8
Let d(f) be the second derivative of f**3/2 - 5*f. Let u be d(5). Let g be (40/(-6))/(4/(-18)). What is the highest common factor of u and g?
15
Let r(z) = z**3 - 5 - 2*z + 3 - 4 + 10. Let w be r(0). Let y(m) = m**2 + 3*m + 6. Let h be y(-5). What is the highest common factor of h and w?
4
Suppose -24 = -4*y - 3*m, -2*m = 5*y - y - 20. Suppose -f = -y, f = 3*u - 6 - 0. Let k be 407/u + 20/(-30). What is the greatest common factor of k and 15?
15
Let t(x) = 4*x**3 - x**2 - 7*x + 13. Let c be t(3). What is the greatest common divisor of c and 21?
7
Suppose -4*s + s - 72 = 0. Let q be -6*(-1)/((-4)/s). Let d be q*(-3)/(-15)*5. What is the highest common factor of d and 90?
18
Suppose 19*d - 732 - 180 = 0. What is the greatest common divisor of 216 and d?
24
Let y(g) = 10*g**2 + 9*g + 4. Let k(o) = o**2 + 13*o + 31. Let h be k(-9). Let s be y(h). Calculate the highest common divisor 